
{"id":14,"date":"2017-06-14T22:11:06","date_gmt":"2017-06-14T20:11:06","guid":{"rendered":"http:\/\/scuolaartemassaggio.com\/spa\/?page_id=14"},"modified":"2023-06-17T13:36:20","modified_gmt":"2023-06-17T11:36:20","slug":"spa","status":"publish","type":"page","link":"https:\/\/scuolaartemassaggio.com\/area-benessere\/spa\/","title":{"rendered":"Chi siamo"},"content":{"rendered":"\n<div class=\"wp-block-columns are-vertically-aligned-top is-layout-flex wp-container-3 wp-block-columns-is-layout-flex\">\n<div class=\"wp-block-column is-vertically-aligned-top is-layout-flow wp-block-column-is-layout-flow\" style=\"flex-basis:40%\">\n<figure class=\"wp-block-image size-full\"><img decoding=\"async\" loading=\"lazy\" width=\"768\" height=\"768\" src=\"http:\/\/scuolaartemassaggio.com\/area-benessere\/wp-content\/uploads\/sites\/2\/2023\/06\/spa-artemassaggio-768x768-1.jpg\" alt=\"\" class=\"wp-image-835\" srcset=\"https:\/\/scuolaartemassaggio.com\/area-benessere\/wp-content\/uploads\/sites\/2\/2023\/06\/spa-artemassaggio-768x768-1.jpg 768w, https:\/\/scuolaartemassaggio.com\/area-benessere\/wp-content\/uploads\/sites\/2\/2023\/06\/spa-artemassaggio-768x768-1-300x300.jpg 300w, https:\/\/scuolaartemassaggio.com\/area-benessere\/wp-content\/uploads\/sites\/2\/2023\/06\/spa-artemassaggio-768x768-1-150x150.jpg 150w\" sizes=\"(max-width: 768px) 100vw, 768px\" \/><\/figure>\n\n\n\n<div style=\"height:306px\" aria-hidden=\"true\" class=\"wp-block-spacer\"><\/div>\n\n\n\n<figure class=\"wp-block-image size-large is-resized\"><img decoding=\"async\" loading=\"lazy\" src=\"http:\/\/scuolaartemassaggio.com\/area-benessere\/wp-content\/uploads\/sites\/2\/2023\/06\/wellness_retreat-sama-768x1024.jpg\" alt=\"\" class=\"wp-image-843\" width=\"320\" height=\"426\" srcset=\"https:\/\/scuolaartemassaggio.com\/area-benessere\/wp-content\/uploads\/sites\/2\/2023\/06\/wellness_retreat-sama-768x1023.jpg 768w, https:\/\/scuolaartemassaggio.com\/area-benessere\/wp-content\/uploads\/sites\/2\/2023\/06\/wellness_retreat-sama-225x300.jpg 225w, https:\/\/scuolaartemassaggio.com\/area-benessere\/wp-content\/uploads\/sites\/2\/2023\/06\/wellness_retreat-sama-600x800.jpg 600w, https:\/\/scuolaartemassaggio.com\/area-benessere\/wp-content\/uploads\/sites\/2\/2023\/06\/wellness_retreat-sama.jpg 800w\" sizes=\"(max-width: 320px) 100vw, 320px\" \/><\/figure>\n<\/div>\n\n\n\n<div class=\"wp-block-column is-vertically-aligned-top is-layout-flow wp-block-column-is-layout-flow\" style=\"flex-basis:60%\">\n<h1 class=\"wp-block-heading\">La Spa<\/h1>\n\n\n\n<h3 class=\"wp-block-heading has-text-color\" style=\"color:#56beba\">Ben-essere<\/h3>\n\n\n\n<p>Il concetto di <strong>benessere<\/strong> nel corso degli anni ha subito importanti modifiche: dall\u2019idea di assenza di malattie si \u00e8 passati a definirlo pi\u00f9 come uno stato complessivo di <strong>buona salute fisica, psichica e mentale<\/strong>. Questa visione \u00e8 punto cardine di molte discipline e correnti di pensiero filosofico, occidentali e orientali e negli ambienti di Spa ArteMassaggio l\u2019idea \u00e8 quella di migliorare questi aspetti per <strong>affrontare le sfide quotidiane con energia e spirito positivi.<\/strong><\/p>\n\n\n\n<figure class=\"wp-block-image size-large\"><img decoding=\"async\" loading=\"lazy\" width=\"1024\" height=\"380\" src=\"http:\/\/scuolaartemassaggio.com\/area-benessere\/wp-content\/uploads\/sites\/2\/2023\/06\/spa-area-relax-1024x380.jpg\" alt=\"\" class=\"wp-image-820\" srcset=\"https:\/\/scuolaartemassaggio.com\/area-benessere\/wp-content\/uploads\/sites\/2\/2023\/06\/spa-area-relax-1024x380.jpg 1024w, https:\/\/scuolaartemassaggio.com\/area-benessere\/wp-content\/uploads\/sites\/2\/2023\/06\/spa-area-relax-300x111.jpg 300w, https:\/\/scuolaartemassaggio.com\/area-benessere\/wp-content\/uploads\/sites\/2\/2023\/06\/spa-area-relax-768x285.jpg 768w, https:\/\/scuolaartemassaggio.com\/area-benessere\/wp-content\/uploads\/sites\/2\/2023\/06\/spa-area-relax-1536x569.jpg 1536w, https:\/\/scuolaartemassaggio.com\/area-benessere\/wp-content\/uploads\/sites\/2\/2023\/06\/spa-area-relax.jpg 1616w\" sizes=\"(max-width: 1024px) 100vw, 1024px\" \/><\/figure>\n\n\n\n<p><strong>Spa ArteMassaggio<\/strong> \u00e8 un ambiente costituito da aree relax, sauna, bio sauna, docce e dalle stanze dedicate al massaggio, cabine per trattamenti di bellezza per singoli o per coppie. La nostra originale sala per corsi di yoga, ginnastica dolce e attivit\u00e0 fisica per tutte le et\u00e0 \u00e8 a disposizione di tutti i nostri ospiti, insieme allo spazioso portico ed al giardino dove si possono degustare le acque detossinanti e le tisane, che prepariamo quotidianamente con frutta e spezie fresche.<\/p>\n\n\n\n<p>Nata e collegata alla <strong><a href=\"https:\/\/scuolaartemassaggio.com\/formazione\/\" class=\"ek-link\">Scuola ArteMassaggio<\/a><\/strong> di Raffaella Gazzoni, che forma esclusivamente operatori con titolo di studio riconosciuto nei campi di estetica, benessere, wellness, spa e sanitario, propone massaggi e servizi estetici e di massaggio di altissima qualit\u00e0 professionale: le varie tecniche di massaggio e trattamento viso e corpo sono attuate dai formatori della scuola.<\/p>\n\n\n\n<p>Dal 2020 potrete anche soggiornare negli alloggi<a href=\"https:\/\/scuolaartemassaggio.com\/wellness-retreat\/\" class=\"ek-link\"> <strong>SAMA Foresterie Lombarde<\/strong><\/a>, adiacenti alla SPA, per un <strong>wellness retreat<\/strong>, un programma di remise en forme o semplicemente per godere dei nostri luoghi e dei nostri servizi, al fine di <strong>ritrovare un sano rilassamento<\/strong>. <\/p>\n<\/div>\n<\/div>\n","protected":false},"excerpt":{"rendered":"<p>La Spa Ben-essere Il concetto di benessere nel corso degli anni ha subito importanti modifiche: dall\u2019idea di assenza di malattie [&hellip;]<\/p>\n","protected":false},"author":1,"featured_media":819,"parent":0,"menu_order":0,"comment_status":"closed","ping_status":"closed","template":"","meta":{"_editorskit_title_hidden":false,"_editorskit_reading_time":1,"_editorskit_is_block_options_detached":false,"_editorskit_block_options_position":"{}","_genesis_hide_title":false,"_genesis_hide_breadcrumbs":false,"_genesis_hide_singular_image":false,"_genesis_hide_footer_widgets":false,"_genesis_custom_body_class":"","_genesis_custom_post_class":"","_genesis_layout":"","footnotes":""},"yoast_head":"<!-- This site is optimized with the Yoast SEO plugin v21.4 - https:\/\/yoast.com\/wordpress\/plugins\/seo\/ -->\n<title>La spa - Il piacere di scoprire se stessi | Spa ArteMassaggio<\/title>\n<meta name=\"description\" content=\"Spa ArteMassaggio e\u0300 un ambiente costituito da aree relax, sauna e bagno turco, docce, idromassaggio e cabine per trattamenti di bellezza viso e corpo.\" \/>\n<meta name=\"robots\" content=\"index, follow, max-snippet:-1, max-image-preview:large, max-video-preview:-1\" \/>\n<link rel=\"canonical\" href=\"https:\/\/scuolaartemassaggio.com\/area-benessere\/spa\/\" \/>\n<meta property=\"og:locale\" content=\"it_IT\" \/>\n<meta property=\"og:type\" content=\"article\" \/>\n<meta property=\"og:title\" content=\"La spa - Il piacere di scoprire se stessi | Spa ArteMassaggio\" \/>\n<meta property=\"og:description\" content=\"Spa ArteMassaggio e\u0300 un ambiente costituito da aree relax, sauna e bagno turco, docce, idromassaggio e cabine per trattamenti di bellezza viso e corpo.\" \/>\n<meta property=\"og:url\" content=\"https:\/\/scuolaartemassaggio.com\/area-benessere\/spa\/\" \/>\n<meta property=\"og:site_name\" content=\"Area Benessere\" \/>\n<meta property=\"article:publisher\" content=\"https:\/\/www.facebook.com\/spaartemassaggio\/\" \/>\n<meta property=\"article:modified_time\" content=\"2023-06-17T11:36:20+00:00\" \/>\n<meta property=\"og:image\" content=\"http:\/\/scuolaartemassaggio.com\/area-benessere\/wp-content\/uploads\/sites\/2\/2023\/06\/spa-copertina.jpg\" \/>\n\t<meta property=\"og:image:width\" content=\"1920\" \/>\n\t<meta property=\"og:image:height\" content=\"600\" \/>\n\t<meta property=\"og:image:type\" content=\"image\/jpeg\" \/>\n<meta name=\"twitter:card\" content=\"summary_large_image\" \/>\n<meta name=\"twitter:label1\" content=\"Tempo di lettura stimato\" \/>\n\t<meta name=\"twitter:data1\" content=\"2 minuti\" \/>\n<script type=\"application\/ld+json\" class=\"yoast-schema-graph\">{\"@context\":\"https:\/\/schema.org\",\"@graph\":[{\"@type\":\"WebPage\",\"@id\":\"https:\/\/scuolaartemassaggio.com\/area-benessere\/spa\/\",\"url\":\"https:\/\/scuolaartemassaggio.com\/area-benessere\/spa\/\",\"name\":\"La spa - Il piacere di scoprire se stessi | Spa ArteMassaggio\",\"isPartOf\":{\"@id\":\"https:\/\/scuolaartemassaggio.com\/area-benessere\/#website\"},\"datePublished\":\"2017-06-14T20:11:06+00:00\",\"dateModified\":\"2023-06-17T11:36:20+00:00\",\"description\":\"Spa ArteMassaggio e\u0300 un ambiente costituito da aree relax, sauna e bagno turco, docce, idromassaggio e cabine per trattamenti di bellezza viso e corpo.\",\"inLanguage\":\"it-IT\",\"potentialAction\":[{\"@type\":\"ReadAction\",\"target\":[\"https:\/\/scuolaartemassaggio.com\/area-benessere\/spa\/\"]}]},{\"@type\":\"WebSite\",\"@id\":\"https:\/\/scuolaartemassaggio.com\/area-benessere\/#website\",\"url\":\"https:\/\/scuolaartemassaggio.com\/area-benessere\/\",\"name\":\"Area Benessere\",\"description\":\"Ecco un altro sito Scuola siti\",\"potentialAction\":[{\"@type\":\"SearchAction\",\"target\":{\"@type\":\"EntryPoint\",\"urlTemplate\":\"https:\/\/scuolaartemassaggio.com\/area-benessere\/?s={search_term_string}\"},\"query-input\":\"required name=search_term_string\"}],\"inLanguage\":\"it-IT\"}]}<\/script>\n<!-- \/ Yoast SEO plugin. -->","yoast_head_json":{"title":"La spa - Il piacere di scoprire se stessi | Spa ArteMassaggio","description":"Spa ArteMassaggio e\u0300 un ambiente costituito da aree relax, sauna e bagno turco, docce, idromassaggio e cabine per trattamenti di bellezza viso e corpo.","robots":{"index":"index","follow":"follow","max-snippet":"max-snippet:-1","max-image-preview":"max-image-preview:large","max-video-preview":"max-video-preview:-1"},"canonical":"https:\/\/scuolaartemassaggio.com\/area-benessere\/spa\/","og_locale":"it_IT","og_type":"article","og_title":"La spa - Il piacere di scoprire se stessi | Spa ArteMassaggio","og_description":"Spa ArteMassaggio e\u0300 un ambiente costituito da aree relax, sauna e bagno turco, docce, idromassaggio e cabine per trattamenti di bellezza viso e corpo.","og_url":"https:\/\/scuolaartemassaggio.com\/area-benessere\/spa\/","og_site_name":"Area Benessere","article_publisher":"https:\/\/www.facebook.com\/spaartemassaggio\/","article_modified_time":"2023-06-17T11:36:20+00:00","og_image":[{"width":1920,"height":600,"url":"http:\/\/scuolaartemassaggio.com\/area-benessere\/wp-content\/uploads\/sites\/2\/2023\/06\/spa-copertina.jpg","type":"image\/jpeg"}],"twitter_card":"summary_large_image","twitter_misc":{"Tempo di lettura stimato":"2 minuti"},"schema":{"@context":"https:\/\/schema.org","@graph":[{"@type":"WebPage","@id":"https:\/\/scuolaartemassaggio.com\/area-benessere\/spa\/","url":"https:\/\/scuolaartemassaggio.com\/area-benessere\/spa\/","name":"La spa - Il piacere di scoprire se stessi | Spa ArteMassaggio","isPartOf":{"@id":"https:\/\/scuolaartemassaggio.com\/area-benessere\/#website"},"datePublished":"2017-06-14T20:11:06+00:00","dateModified":"2023-06-17T11:36:20+00:00","description":"Spa ArteMassaggio e\u0300 un ambiente costituito da aree relax, sauna e bagno turco, docce, idromassaggio e cabine per trattamenti di bellezza viso e corpo.","inLanguage":"it-IT","potentialAction":[{"@type":"ReadAction","target":["https:\/\/scuolaartemassaggio.com\/area-benessere\/spa\/"]}]},{"@type":"WebSite","@id":"https:\/\/scuolaartemassaggio.com\/area-benessere\/#website","url":"https:\/\/scuolaartemassaggio.com\/area-benessere\/","name":"Area Benessere","description":"Ecco un altro sito Scuola siti","potentialAction":[{"@type":"SearchAction","target":{"@type":"EntryPoint","urlTemplate":"https:\/\/scuolaartemassaggio.com\/area-benessere\/?s={search_term_string}"},"query-input":"required name=search_term_string"}],"inLanguage":"it-IT"}]}},"_links":{"self":[{"href":"https:\/\/scuolaartemassaggio.com\/area-benessere\/wp-json\/wp\/v2\/pages\/14"}],"collection":[{"href":"https:\/\/scuolaartemassaggio.com\/area-benessere\/wp-json\/wp\/v2\/pages"}],"about":[{"href":"https:\/\/scuolaartemassaggio.com\/area-benessere\/wp-json\/wp\/v2\/types\/page"}],"author":[{"embeddable":true,"href":"https:\/\/scuolaartemassaggio.com\/area-benessere\/wp-json\/wp\/v2\/users\/1"}],"replies":[{"embeddable":true,"href":"https:\/\/scuolaartemassaggio.com\/area-benessere\/wp-json\/wp\/v2\/comments?post=14"}],"version-history":[{"count":23,"href":"https:\/\/scuolaartemassaggio.com\/area-benessere\/wp-json\/wp\/v2\/pages\/14\/revisions"}],"predecessor-version":[{"id":853,"href":"https:\/\/scuolaartemassaggio.com\/area-benessere\/wp-json\/wp\/v2\/pages\/14\/revisions\/853"}],"wp:featuredmedia":[{"embeddable":true,"href":"https:\/\/scuolaartemassaggio.com\/area-benessere\/wp-json\/wp\/v2\/media\/819"}],"wp:attachment":[{"href":"https:\/\/scuolaartemassaggio.com\/area-benessere\/wp-json\/wp\/v2\/media?parent=14"}],"curies":[{"name":"wp","href":"https:\/\/api.w.org\/{rel}","templated":true}]}}